= -i**3 + 7*i**2 + 9*i - 6. Let c be 2/(-3) + (-52)/(-6). Let p be s(c). Let u(r) = 3*r**p + r**3 + 0 + 0*r - 5*r - 5. Calculate u(-4).
-1
Let i(b) be the second derivative of -b**4/12 + b**3 + 3*b**2/2 - 3*b. Determine i(6).
3
Let k be -3*(-2 + 26/6). Let y be (6/7)/((-1)/k). Let m(r) = 5*r**2 - 7*r**3 - 4*r - 7 + r**2 + y*r**3. Calculate m(5).
-2
Let q(p) = -p + 5. Let g(s) = 2*s - s - 3 + 0. Let h(u) = 7*g(u) + 4*q(u). Calculate h(-1).
-4
Let t(u) = -u**2 - 9*u + 2. Let l be -18*(0 + 1/2). Calculate t(l).
2
Suppose -5*u = -2*u + 24. Let t(l) = -2*l + 21 - 2*l - 24. Let b(r) = 6*r + 5. Let x(v) = u*t(v) - 5*b(v). What is x(2)?
3
Let j be 1*5/(-5)*4. Let x(y) = 2*y + 2. Calculate x(j).
-6
Let b(r) = 8 - 2 + 1 + r. Determine b(5).
12
Let l(d) = 3*d**3 + 4*d**2 + 4*d + 8. Let b(v) = -4*v**3 - 5*v**2 - 5*v - 8. Let g(i) = -4*b(i) - 5*l(i). Give g(0).
-8
Let j(s) = -3*s**3 - s**2 - s - 1. Let h be ((-3)/2)/(1/(-2)). Suppose -8 = 4*t + 4*v, t + h*t - 4*v + 40 = 0. Let a = t + 5. Give j(a).
2
Let i(m) = -m**3 + 5*m**2 + m + 1. Let p be i(5). Let j be (3/p)/((-1)/(-2)). Let u(s) = -1 + 3*s - s + 5*s - s. What is u(j)?
5
Let o = -6 - -10. Let f(n) = -n. What is f(o)?
-4
Let b(g) be the third derivative of g**2 + 7/24*g**4 + 1/120*g**6 + 2/3*g**3 + 0*g + 0 + 7/60*g**5. Give b(-6).
-2
Let p(b) be the second derivative of b**4/4 + 2*b**3/3 + 2*b**2 - 12*b. What is p(-3)?
19
Let m(p) be the third derivative of -1/6*p**4 + 0*p + 0 - 1/15*p**5 - 1/6*p**3 + 2*p**2 + 1/120*p**6. Let l(r) = -r. Let g be l(-5). Determine m(g).
4
Let t(v) = v**2 + v - 1. Let s(m) = -m**3 + 5*m**2 + 4*m - 3. Let u(q) = -s(q) + 3*t(q). Determine u(2).
-2
Let l(a) = -a**3 - a. Let x be (0/(-5))/((-1)/1). Calculate l(x).
0
Let b(m) = m + 1. Let u(f) = -5*f**3 - f - 2. Let z be u(-1). What is b(z)?
5
Suppose -13 = -2*m + 4*l - 1, -l = -5*m - 6. Let k be ((-4 - 0)/(-1))/m. Let i(t) = -t**2 + t + 2. Calculate i(k).
-4
Let k(a) = -a**2 - 2*a + 3*a - 6*a + a. Give k(-5).
-5
Suppose 0 = -3*t + 2 + 4. Let z(v) = 6*v**t + 0*v**2 + v**2 - 1. Suppose -q = -1, 4*r + 1 + 5 = 2*q. Give z(r).
6
Let f(i) = -5*i**2 + 3*i + 7. Let l(k) = -6*k**2 + 4*k + 8. Let o(z) = -5*f(z) + 4*l(z). Calculate o(0).
-3
Let d(n) = 0 + n - 4 - 1. Calculate d(5).
0
Suppose 5*i - 24 = -s, i - 2*i - 5*s = -24. Let l(q) = 4*q**3 + 4*q**2 - 5. Let o(c) = 3*c**3 + 3*c**2 - 5. Let b(d) = i*l(d) - 5*o(d). Give b(0).
5
Let i(k) = k**3 - 7*k**2 + 1. Let f(j) = j**3 - 8*j**2 + 2. Let s = 8 - 5. Let g(p) = s*f(p) - 4*i(p). Let o be -2 + 3 - (-5 - -2). Calculate g(o).
2
Suppose 2 = -2*h + 4*v, 4*h = h - 5*v + 30. Let k(c) = 3 - 2*c + c - h*c + 7*c. Calculate k(-3).
0
Let h = 103 - 105. Let u(n) = n**2 + n. Determine u(h).
2
Let u = -378 - -22681/60. Let l(v) be the third derivative of 0*v + 0 + 1/24*v**4 - u*v**5 + 0*v**3 + 2*v**2. What is l(0)?
0
Suppose -1 + 5 = 2*n. Suppose n*o - 4 = 2. Let f(w) = w**3 - w**2 - 2. Give f(o).
16
Suppose -a + 6 = 3. Suppose 4*o + 2*j + 16 = a*o, 0 = -3*o + j - 13. Let d = o + 10. Let m(x) = -x - 1. What is m(d)?
-5
Let x(t) = 5*t**2 - t - 1. Let l be (2 - 1*-2)/2. Suppose -14 = 2*p + 5*c, -4*c - 10 = -2*p - 3*c. Let i = l - p. Calculate x(i).
5
Let o(k) = -5*k + k + k**3 + 0*k - k**2. Suppose 5*u - 55 = -2*z - 3*z, 2*z = -5*u + 16. Suppose 0 = -c - 5, -3*g - z + 2 = 4*c. Give o(g).
6
Suppose 18*x = 22*x - 28. Let z(n) = n**2 - 7*n + 9. Calculate z(x).
9
Let z(a) = 240*a**2 + 1 - 239*a**2 + 3*a**3 - 3*a**3 + a**3. Calculate z(0).
1
Let v(t) = -t**3 + 4*t**2 + 5. Let h be 510/119 - (-5)/(70/(-4)). Determine v(h).
5
Let j(b) = b - 10. Suppose -2*v + 11 = -1. What is j(v)?
-4
Let u(g) be the second derivative of g**3/6 + g**2/2 + 17*g. Determine u(-5).
-4
Let b(f) = -12 - f**2 + 14 - 6*f - 7. What is b(-5)?
0
Let k(y) = y**3 - 8*y**2 + 8*y - 1. Let d be ((-63)/(-36))/(1/4). Give k(d).
6
Let i(s) = -2*s**3 + 4*s**2 - s + 3. Let l(h) be the first derivative of -1/4*h**4 - 1/3*h**3 - 1/2*h**2 + h - 4. Let q(n) = i(n) - l(n). Calculate q(5).
2
Let t(m) = -3*m**3 + 7*m**2 + 3*m + 3. Let u(s) = -4*s**3 + 8*s**2 + 3*s + 3. Let b(n) = -5*t(n) + 4*u(n). Give b(-3).
6
Let p(l) = l - 3. Suppose 6 = 3*d - 0. Suppose 3*q - 2*y = -d + 8, 2*q + 3*y = -9. Suppose -f - 5*m - 4 - 16 = q, -m + 10 = 3*f. What is p(f)?
2
Let r(u) be the first derivative of u**2/2 + 5. Determine r(2).
2
Let v(f) = -f**2 + 3*f + 1. Let w(q) = 24*q**3 + q**2 + 1 + q - 12*q**3 - 15*q**3. Let u be w(-1). Calculate v(u).
-3
Let c(l) = l**2 - 2. Let u be c(2). Let a(t) = 1 + 2*t + 4*t - 4 - t**2. Calculate a(u).
5
Let j(z) = -z - 13. Let v(m) = -m - 13. Let p(i) = -2*j(i) + 3*v(i). Give p(-8).
-5
Let y(m) = 4*m**3 - 7*m**2 - 4*m - 2. Let a(z) = -9*z**3 + 15*z**2 + 8*z + 3. Let i(b) = 3*a(b) + 7*y(b). Calculate i(5).
0
Suppose 2*t - 15 = -3*t. Suppose 2*s - 10 = -t*s, 4*u + 32 = -4*s. Let n be 4/u + 26/(-10). Let f(j) = j**2 + 6*j + 1. Give f(n).
-8
Suppose -3*p = -0*p - 12. Let s = -7 + 9. Let t(d) = 0 - p*d + 2 + d**s - 1. Determine t(5).
6
Let b(t) = t**3 - 5*t**2 - t + 7. Let v = -1 + 3. Let q(f) = f**3 - 2*f**2 + 3*f - 1. Let a be q(v). Determine b(a).
2
Let g(b) be the first derivative of -b**3/3 + 3*b**2/2 - 3*b + 32. Calculate g(3).
-3
Let j(i) = 10*i + 4 - 6*i - 5. Let s(l) = l - 9. Let w be s(10). What is j(w)?
3
Let b(n) = 2*n - 1. Let g be b(3). Let c(x) = 5*x + 11. Let i(s) = -s - 3. Let h(q) = 2*c(q) + 9*i(q). What is h(g)?
0
Let b(h) = h - 4. Let i be b(6). Suppose 0 = -y - 5*x - 27, -5*y - i*x = 2 + 18. Let g = y - -3. Let v(s) = -7*s + 1. What is v(g)?
-6
Suppose 4*d + 3*b + 6 = 38, 24 = 3*d + 4*b. Let q = d + -5. Let h(t) = 3 + 0*t + 3*t - 4*t. Give h(q).
0
Let a(o) be the first derivative of -o**4/4 + 4*o**3/3 - 4. What is a(3)?
9
Let r(c) = c**2 + 3*c - 4. Suppose 3*w = 3, -w - 4 = 2*t + 5. Calculate r(t).
6
Let v(b) be the third derivative of b**5/12 + b**4/8 - b**3/6 - 5*b**2. Let x(i) = 5*i**2 + 4*i - 1. Let p(s) = -3*v(s) + 2*x(s). Determine p(1).
-5
Let p(w) = w. Suppose 1 = 4*t - 7. Suppose -21 = -4*g - s, t*g = -s + 11 - 0. Suppose -4*b + 11 = -g*o, -4*o - 6 - 4 = -2*b. Calculate p(b).
-1
Let d = 11 + -8. Let a(u) = 0*u**2 - 3 - u + 1 - u**d - 2*u**2. Let t = 29 + -31. Calculate a(t).
0
Let v(i) = -2*i + 11. Suppose -9 = 2*q - 27. Determine v(q).
-7
Let k(h) = 2*h**2 - 4*h + 2. Let p = -24 + 27. What is k(p)?
8
Let m(g) = 2*g**3 - g**3 + 1 - 4*g**3. Suppose -k = -4*o - 17, -o - 2 = -3*k + 5. Let j = k - 0. Give m(j).
-2
Let v(g) = g**3 + 3*g**2 - 2*g + 1. Let x = 114 - 118. Calculate v(x).
-7
Let z(x) = x**3 - 4*x**2 + 2*x + 4. Suppose -2*n + 5*n - 9 = 0. What is z(n)?
1
Let o(b) be the second derivative of b**3/3 + 3*b**2/2 + b. Calculate o(-2).
-1
Let s(z) = -z**2 + 4*z - 3. Suppose 6*h - 12 = 2*h. Suppose 15 = 2*x + h*x. Determine s(x).
0
Let r(v) = v - 2*v + 120 - 118. Calculate r(4).
-2
Let k(b) be the third derivative of -b**5/60 - b**4/12 + b**3/6 + 3*b**2. Let l = 9 + -7. What is k(l)?
-7
Let t(a) = a**3 - a**2 + a. Let v = 6 - 6. Suppose 0 = -v*x + 4*x. What is t(x)?
0
Let s be (-6)/8*(8 + -4). Let v(j) be the second derivative of -j**3/6 + j**2/2 - j. Calculate v(s).
4
Let t(x) = -x**2 + 8*x - 10. Suppose -3*k - 4 = 3*z + 2*k, -5*z + 40 = -k. Calculate t(z).
-3
Let r(m) = m - 2. Let n = -24 - -18. Determine r(n).
-8
Let l be -3*(13/(-91) + 17/21). Let n(v) = 4*v**2 + 2*v + 1. What is n(l)?
13
Let s = -16 + 23. Let q(i) = -i**3 + 6*i**2 + 9*i - 8. Let o be q(s). Let j(d) = -d**3 + 6*d**2 + d - 3. Calculate j(o).
3
Let w(l) = l. Let b(f) = 4*f + 4. Let i(j) = -b(j) + 3*w(j). Determine i(5).
-9
Suppose 3*c = 3*u - 6, -3*u + 4*c + 3 = -0*u. Let t(p) = p - 4. Let i be t(7). Let w(x) = -4 - x - 4*x + 6*x**2 + x**3 - 2*x**i. Calculate w(u).
-4
Suppose -21 = -5*g - 6. Let y(m) = 5 - 3*m - 4 - 5*m + 10*m. Calculate y(g).
7
Let p(f) be the third derivative of -f**4/3 - f**2. Let l be ((-4)/(-6))/(4/(-6)). What is p(l)?
8
Let b(n) be the third derivative of -1/120*n**6 + 1/12*n**5 + 0 - 5*n**2 + 1/4*n**4 - 1/3*n**3 + 0*n. What is b(6)?
-2
Let x(r) = -r + 2*r - 4 + 2*r. Let z(w) = -w + 5. Let h(b) = b - 6. Let l(p) = -3*h(p) - 2*z(p). Let d be l(5). Give x(d).
5
Let u(h) = -3*h + 0*h + 4*h + 4*h. Calculate u(-1).
-5
Let j(g) = 0 + 2*g - 1 - 1 + 3. What is j(5)?
11
Suppose 2*a + 5*v + 7 = 0, 2*a + 2 = -4*v - 2. Let